n a(-13) is divided by g?
4
Let l be 1 + ((-7)/((-7)/(-72)) - -3). What is the remainder when (-6)/(-15) + (-248)/(-5) is divided by (1*-1)/(((-4)/l)/(-1))?
16
Let m(u) = -29*u - 7. Suppose 2*c = 2*a + 4*c, -5*c = 3*a - 2. What is the remainder when 107 is divided by m(a)?
19
Suppose 4*k = -9*k + 2470. What is the remainder when k is divided by 16?
14
Suppose -4*d + 52 = -4*s - 40, -2*d = 3*s - 36. Calculate the remainder when 59 is divided by d.
17
Suppose -54*x = -58*x + 324. Let p = -57 + x. Calculate the remainder when p is divided by 13.
11
Let i = -27 - -32. Suppose 3*u + 27 = 4*d, 4*d + i*u + 0 = 19. Calculate the remainder when d is divided by 3.
0
Suppose -2*v + a = -4, -3*v - 4*a - 7 = -8*v. Suppose -v*w + 144 = -0*w. Let t = -343 - -360. What is the remainder when w is divided by t?
14
Let x(o) = 31*o**3 - o**2 + 1. Let n be (-2 - 9/12)*4. Let b = 0 - n. What is the remainder when x(1) is divided by b?
9
Let x(b) = -93*b - 733. Calculate the remainder when x(-12) is divided by 24.
23
Let m(u) = u. Let q be m(-7). Let v = 15 + q. Calculate the remainder when v is divided by (3*(-2)/(-4))/((-8)/(-16)).
2
Let x = -942 - -970. Calculate the remainder when x is divided by 16.
12
What is the remainder when 12 + (-1449)/(-77) + (-4)/(-22) is divided by 23?
8
Suppose -13*l = -9*l - 76. Let n = l + -11. Calculate the remainder when 14 is divided by n.
6
Let i = 462 + -778. What is the remainder when (0 - (-2)/(-3))*-123 is divided by (-4)/(-6) + (i/(-12) - -1)?
26
Let y be (-9)/(-6)*8 + 1 + -1. Suppose 67 = 5*k + 2*g + y, 3*g = -k + 11. Calculate the remainder when k is divided by 3.
2
Let w(i) = 12*i**3 + 3*i - 2. Let n = 29 - 28. Suppose 40 = 2*c - 6. Calculate the remainder when c is divided by w(n).
10
Let q(j) = j**3 - j**2 - 5*j - 2. Let s(v) = -1 + 5 + v**3 - 4*v**2 - 6*v + 4*v**2 + 5*v**2. Let x be s(-6). Calculate the remainder when q(x) is divided by 9.
8
Suppose 0 = -f - 15*f - 16. Calculate the remainder when (-71)/f + -3 - 32/8 is divided by 17.
13
Let s(z) = -z - 4. Suppose -5*q - 2*u = 69 - 21, 4*u = 4*q + 44. Let p be s(q). Let i(n) = 7*n - 15. What is the remainder when i(p) is divided by 7?
6
Suppose 4032 = 6*d + 26*d. Calculate the remainder when d is divided by 64.
62
Suppose 53 + 2 = 5*y + 5*n, -3*y - 2*n = -35. Suppose 2*a + 4*k - 48 = 68, 3*k = 0. Calculate the remainder when a is divided by y.
6
Let z be 1 + -2 + 0 + 16. Suppose 5*p = -3*g + z, 5*p = -g + 33 - 8. What is the remainder when 39 is divided by p?
3
Suppose -3*m = n + 55, 34 = -2*n + 5*m - 87. Calculate the remainder when 55 - (8/(-2))/(-2) is divided by 2/(-1)*(1 + n/4).
26
Let q(p) = -27*p - 18. Let w be q(-2). Calculate the remainder when 28 is divided by (3/9 + (-39)/w)*-8.
4
Let v be ((-352)/(-12))/((-8)/(-12)). Let q = v - 37. What is the remainder when 25 is divided by q?
4
Calculate the remainder when -3 - -17*(-3 + 4) is divided by 1.
0
What is the remainder when ((-188)/(-6))/((-19)/((-171)/2)) is divided by 11?
9
Let a(t) = 2*t**3 + 22*t**2 - 27*t + 1. What is the remainder when a(-12) is divided by 8?
5
Let j = 10 - 3. Let p = 13 + 2. What is the remainder when p is divided by 54/j + (-8)/(-28)?
7
Let f = 33 + -44. Calculate the remainder when 4/(-10) - 32/(-5) is divided by (f + 9)*(12/8 + -3).
0
Suppose 0 = 3*j - 7 - 29. Let t be j/3 - 7 - 1. Let b(z) = -3*z + 2. What is the remainder when b(t) is divided by 8?
6
Suppose -160 = -4*c + 5*o + 150, 0 = -3*c + 4*o + 232. Let h(q) = -6*q + 12. What is the remainder when c is divided by h(0)?
8
Suppose -437 = -0*p - 23*p. Calculate the remainder when 36 is divided by p.
17
Let j(v) = -v**2 + 16. Let x be j(6). What is the remainder when 110 is divided by (-6)/(x/14 - -1)?
12
What is the remainder when (-57 - -6 - (-1 + 3))*-1 is divided by 19?
15
Let j(i) = -i**3 + 10*i**2 - 9*i + 6. Let d(u) = -2*u - 11. Let f be d(-10). Let w be j(f). Suppose 2*b - 8 = w. Calculate the remainder when b is divided by 4.
3
Let m(b) = -3*b - 4. Let t = -4 + 0. Let u = -419 + 433. Calculate the remainder when u is divided by m(t).
6
Let w(b) = b**2 + 20*b - 387. Calculate the remainder when w(-38) is divided by 61.
53
Suppose w - 5*w + 4*y - 4 = 0, 0 = 4*w + 4*y - 28. Suppose 0 = 3*q + 2*p + 7, 4*q = -w*p + p - 6. What is the remainder when 3 is divided by q?
0
Let z(d) = d + 5. Let f be z(-3). Suppose -f*x + 19 = -79. Calculate the remainder when x is divided by (-3)/(-6) - 19/(-2).
9
Let c be ((-3)/(-6))/(1/(-44)). Let n be (1/2*c)/1. Calculate the remainder when (-75)/n - 6/(-33) is divided by 3.
1
Let v = 147 + 51. What is the remainder when v is divided by 67?
64
Let g(s) = 3*s**2 - 7. Let a be g(-4). Suppose -4*y + 113 = a. What is the remainder when 53 is divided by y?
17
Suppose -11*l + 12*l = 464. What is the remainder when l is divided by 5?
4
Let w = 18 + -14. Let x be ((-1)/(w/(-56)))/2. Suppose x*g + 17 = 164. Calculate the remainder when 60 is divided by g.
18
Let m(q) = -18*q + 11. Suppose 47 = 2*p + 1. What is the remainder when m(-3) is divided by p?
19
Let r = 45 + -45. Suppose 3*f + 11 - 32 = r. What is the remainder when 39 is divided by f?
4
Let g = 517 + -450. What is the remainder when g is divided by 17?
16
Suppose 3*y - 5*q - 4 = 0, 2*q - 15 + 7 = 0. Calculate the remainder when 260 is divided by y.
4
Let c(g) = 7*g**2 + 6*g - 5. What is the remainder when c(4) is divided by 22?
21
Suppose 4*a - a = 3*r - 15, 25 = 4*r - 5*a. Let p be r + (-4 - 0) + -11. Let y = 24 + p. Calculate the remainder when 35 is divided by y.
8
Suppose g - 71 = 2*x + 30, -g = 4*x - 89. Let r(k) = k**3 + 10*k**2 - 48*k - 263. Calculate the remainder when g is divided by r(-12).
22
Let m = 174 + -149. Calculate the remainder when 240 is divided by m.
15
Let w(k) = -k**2 + 9*k + 14. Let p be 8/3 + 2/(-3). Let v be (5/10)/(p/40). What is the remainder when 6 is divided by w(v)?
2
Suppose -5*t + 0*t - 25 = 0, 2*t - 33 = -b. Let c be b/((-1)/(2 - 3)). Let i = c + -26. What is the remainder when 49 is divided by i?
15
Suppose -87*w = -89*w + 440. What is the remainder when w is divided by 13?
12
Suppose 0 = 7*s - 10*s - 54. Let i be (-6)/27 - (-50)/s. Let q(g) = g**2 + g. Calculate the remainder when q(i) is divided by 2.
0
Let p be 8/(-10)*25/(-10). Suppose -3*n + 105 = -4*j, -140 = -6*n + p*n - 4*j. Suppose -u - 9 = -n. Calculate the remainder when u is divided by 14.
12
Suppose -5*c - 20 - 130 = -4*b, -5*b + 2*c = -179. Let z = b - 8. Suppose -t + 10 = -i, 5*t = 7*t + 5*i - z. Calculate the remainder when 41 is divided by t.
8
Suppose 7*p - 141 = -22. Calculate the remainder when 116 is divided by p.
14
Suppose 0 = -2*i + 4*i - 12. Suppose d + 2 = i. Suppose 0 = 4*x - 96 + 36. Calculate the remainder when x is divided by d.
3
Let s(v) = 4*v**2 + 2*v + 4. Suppose 0 = -f + y - 10, -2*f + y + 5 = 4*y. What is the remainder when s(f) is divided by 24?
22
Let l = 54 + -52. Suppose 5*u + l*o - 20 = 99, 4*u - 3*o = 86. Calculate the remainder when 68 is divided by u.
22
Suppose 0 = -5*u - 2*p + 662, -58*u = -63*u + 4*p + 686. What is the remainder when u is divided by 23?
19
Suppose -2*m + 2*d + 182 = -242, -d - 3 = 0. What is the remainder when m is divided by 4?
1
Suppose 5101 = 57*b - 6812. What is the remainder when b is divided by 35?
34
Let q = 496 - 434. Calculate the remainder when 123 is divided by q.
61
Suppose i = 2*i - 7. Suppose 4*k - 6 = 5*v, -2*v + 0*v = -3*k + 1. What is the remainder when -13*(-1)/(v/(-4)) is divided by i?
5
Suppose 19 = 2*x - 3. Let u be (3 - 15/6)*4. Suppose -u*p - 5*l = -59, -3*p + 52 = 5*l - 39. Calculate the remainder when p is divided by x.
10
Let l be (-50)/(-6) + 6/9. Suppose 4*o = l*o - 10. Calculate the remainder when 7*(1 - 0)*1 is divided by o.
1
Let c(f) = f**3 - 5*f**2 + 3*f - 7. Let x(u) = 2*u**2 - u - 1. Let z be x(2). Let s be c(z). Suppose -s = -g - 1. What is the remainder when 18 is divided by g?
4
Let l = 355 + -264. Suppose 0 = 5*o - 97 - 58. What is the remainder when l is divided by o?
29
Let w(b) = -5*b**3 - 3*b**2 + 3. Suppose 2*l - 2*s - 434 = 0, 3*s + 866 = 8*l - 4*l. What is the remainder when l is divided by w(-2)?
29
Let h = 163 - 119. Calculate the remainder when 697 is divided by h.
37
Let l(z) = -2*z**3 - 4*z**2 + 3*z - 5. Let t(b) = -7*b + 9. Let s be t(-8